actors of f.
13
Suppose -5*l - 1 = -11. Suppose -2 = l*b + 5*j - 12, b + 5*j - 5 = 0. Suppose b*n - 276 = n. What are the prime factors of n?
3, 23
Suppose -3*d - d + 16 = 0. Suppose 0 = -t - 0 + 3. Suppose -d*v + 5*s = -18, -4*v - t*s = 3 - 5. What are the prime factors of v?
2
Let v = -3 + -5. Let f = -2 - v. Suppose -z + f = 3. What are the prime factors of z?
3
Let h = 263 - 467. List the prime factors of h/(-7) - (-2)/(-14).
29
Let f(b) = -b**2 + 2*b + 5. Let v be f(0). Suppose v*h = -6*h + 2750. What are the prime factors of h?
2, 5
Let a(j) = j - 6 + 0 + 1 + 4. Let f(m) = 7*m - 9. Let o(l) = -24*a(l) + 3*f(l). List the prime factors of o(-5).
2, 3
Let a(o) = o**2 + 3*o. Let h be a(-2). Let l(i) = -49*i + 4. List the prime factors of l(h).
2, 3, 17
What are the prime factors of 16929/(-1)*(-50)/150?
3, 11, 19
Suppose y - j = 212, -33*y = -34*y - 5*j + 218. What are the prime factors of y?
3, 71
Let v(b) = -b**3 + 11*b**2 + 4*b + 28. List the prime factors of v(11).
2, 3
Let s(z) = z**3 - 4*z**2 + 2*z + 2. Let g be s(3). Let h(u) = -214*u**3 - u. Let y be h(g). Suppose 2*d - y = -3*d. List the prime factors of d.
43
Let v = 2083 + -2961. Let r = -556 - v. List the prime factors of r.
2, 7, 23
Let g(l) = -2*l**2 + 2*l - l**2 + 5 - 2*l**2 + 4*l**2. Let c be g(4). Let z(j) = -j**3 - 3*j**2 - 5*j + 3. List the prime factors of z(c).
2, 3
Let q(t) = -t**3 - 7*t**2 + 9*t + 10. Let k be q(-8). Suppose -k*o + 50 = 3*o. Suppose -o*u + 108 = -6*u. What are the prime factors of u?
3
Suppose 3*p = q - 6*q + 2239, 0 = -p - 2. List the prime factors of q.
449
Let u = 988 - -288. List the prime factors of u.
2, 11, 29
What are the prime factors of (-8)/(-12) + (-28)/6 + 5100?
2, 7, 13
Let y be (-1)/(-1*2/8). Suppose 3*v = h - 103, 5*h + y*v = -166 + 624. Let g = h - 48. What are the prime factors of g?
2, 23
Suppose -13 - 32 = 5*s. What are the prime factors of (-20)/(-3)*(-3 - s)?
2, 5
Suppose 0 = -3*g + 1 - 4. Let s be (-1 + 0 - g)/(-1). Suppose 0 = -u - 2*y + 27 + 5, -u - y + 31 = s. What are the prime factors of u?
2, 3, 5
Let x be 38 - (-4 - -6*1). Let g(h) = 6*h + 4. Let j be g(-4). Let r = x + j. What are the prime factors of r?
2
Let r = 159 + -37. Let h = 3 + r. List the prime factors of h.
5
Let l = -4578 - -6506. What are the prime factors of l?
2, 241
Suppose i - 3*s - 2 = 0, 5*s = 2*i - 1 - 4. Suppose 28 = i*t + 3. Suppose t*c + 3*y - 180 = -2*y, 80 = 2*c - 2*y. What are the prime factors of c?
2, 19
Let b(p) be the first derivative of 7*p**2 + 7*p - 4. What are the prime factors of b(3)?
7
Let y = -218 - -444. What are the prime factors of y?
2, 113
Suppose 0 = 7*v - 180 - 170. Suppose 2*j - 2*t - 56 = 0, -2*j + v = -5*t - 3. What are the prime factors of j?
29
List the prime factors of (-2)/(-2)*-1 + (59 - -17).
3, 5
Suppose 5*l + i + 0*i = 1900, -3*i = 5*l - 1910. What are the prime factors of l?
379
Let j(t) = t**3 + 6*t**2 + 6*t + 4. Let s be j(-4). Suppose 4*r + s = 7*r. Suppose 2*g = a - 2 - 32, -36 = -a + r*g. List the prime factors of a.
2
Let l(s) = -s**2 + 7*s + 11. Let z be l(8). Suppose -3*p + 12 = 3*v, -p + z*p = -5*v + 14. Suppose 19 = p*n - n. What are the prime factors of n?
19
Let w = 1831 - 1068. What are the prime factors of w?
7, 109
Suppose 0 = 7*b - 733 - 107. What are the prime factors of b?
2, 3, 5
Let p(w) = w + 25. Suppose -92 = 11*l - 15. What are the prime factors of p(l)?
2, 3
Let u(a) = a**2 - 18*a - 95. What are the prime factors of u(-7)?
2, 5
Let x = 17 + -14. Suppose 3*z - x*o - 162 = 0, 0 = z - 0*o + 3*o - 46. What are the prime factors of z?
2, 13
Let s = -174 - -478. List the prime factors of s.
2, 19
Let k = -1638 + 2798. Suppose -2 = -4*m + 2*m, 4*t - 4*m - k = 0. What are the prime factors of t?
3, 97
Let i(v) = 67*v**3 + 2*v**2 + v - 2. Let y(o) = -o**2 + 19*o - 17. Let j be y(18). List the prime factors of i(j).
2, 17
Suppose -q - 3 = -1. Let l be 20/15 + q/(-3). What are the prime factors of 45 - (l - (-2)/(-2))?
2, 11
Let y(m) = m**2 - 1. Let u be (1/2)/(2/(-4)). Let d be y(u). Suppose 2*c - c - 30 = d. List the prime factors of c.
2, 3, 5
Suppose 3*t = -319 + 1219. List the prime factors of t.
2, 3, 5
Let s(v) = -v**3 + v**2 + 2. Let k be s(0). Suppose 8*d - k*d = 522. What are the prime factors of d?
3, 29
Let q(a) = -4*a + 7 + 6*a + 9*a. Let n be q(-4). Let r = -14 - n. List the prime factors of r.
23
What are the prime factors of -1 - 494/(-5) - (-74)/370?
2, 7
What are the prime factors of (-6)/(-10)*(0 + 275)?
3, 5, 11
Suppose 168 = 4*l + 10*l. List the prime factors of (l - 14) + (0 - -142).
2, 5, 7
Let v = -1494 - -2463. What are the prime factors of v?
3, 17, 19
List the prime factors of ((-2132)/13)/(8/(-64)).
2, 41
What are the prime factors of (14/(-28))/(1/(-1906))?
953
Let i be (45/20)/(6/16). Let f be (-4)/i*630/(-6). Suppose p = 2*s - 47, -p + 0*p = -3*s + f. List the prime factors of s.
23
Let c(s) be the second derivative of 7*s**4/12 - s**3/6 + 9*s**2/2 - 36*s. What are the prime factors of c(3)?
3, 23
Let c = -212 + 115. Let x = -29 - c. List the prime factors of (x/16)/(1/8).
2, 17
Suppose 4*h = -13*h + 12325. What are the prime factors of h?
5, 29
Let t(k) = -k**2 + 13*k - 12. Suppose 8 = -3*p + 32. List the prime factors of t(p).
2, 7
Suppose 3*v + v + 64 = 0. Suppose u = 2*p + 2*u + 82, -148 = 4*p - 2*u. Let n = v - p. List the prime factors of n.
23
Let v = 9 + -6. What are the prime factors of (-22 + 9/v)/(-1)?
19
Let x = 6224 - 3098. List the prime factors of x.
2, 3, 521
Suppose -2*k + 5*s + 3197 = -614, 5707 = 3*k + 2*s. What are the prime factors of k?
11, 173
Let j = -7 + 12. List the prime factors of (0 + j)*(-1104)/(-120).
2, 23
Let a(g) = -184*g + 83. List the prime factors of a(-4).
3, 7, 13
Suppose 0 = b + 4*d - 14, b + 1 = 4*d - 1. Suppose 2*s - 5 + 1 = 0. What are the prime factors of (3/s)/(b/80)?
2, 5
Suppose 120 = 2*z + 2*v, -5*z + 4*z = 4*v - 51. Suppose -5*k = d - 140, 0 = -k - k + d + z. Let x = k + -15. List the prime factors of x.
2, 7
Suppose 32*o + 22*o - 72198 = 0. List the prime factors of o.
7, 191
Suppose 0 = -4*p - 4153 + 12913. What are the prime factors of p?
2, 3, 5, 73
Let o = 28 - -75. Let i = o - 51. What are the prime factors of i?
2, 13
Suppose 4*z = 11 + 1. Let u be (3 - z)/(-3) + 23. Let h = u - 9. What are the prime factors of h?
2, 7
Let o = 690 + 1243. List the prime factors of o.
1933
Let m(x) = 109*x + 26. List the prime factors of m(4).
2, 3, 7, 11
Let j = -64 - -67. Suppose 3*l + w = -2*l + 1048, j*l - 5*w = 612. List the prime factors of l.
11, 19
Let r = -115 + 61. Let j = -29 - r. List the prime factors of j.
5
Let f be 0/(3*(-2)/(-2)). Suppose b - 2*q - 3*q - 17 = f, 2*b - 16 = 4*q. Suppose 23 - b = 3*p. What are the prime factors of p?
7
Suppose 5*c - 26 - 314 = 0. What are the prime factors of c?
2, 17
Let p(y) = 11*y + 9 - 2 - 2*y - 8. List the prime factors of p(4).
5, 7
Suppose 5*m = 5*y + 285, -5*m + 3*y + 255 + 22 = 0. Let o = 116 - m. Suppose 0 = 2*l - l - o. What are the prime factors of l?
3, 7
Let f be (-169)/13*(1 + -3). Suppose -8*w + 406 = -f. What are the prime factors of w?
2, 3
Let u(t) = -t**2 + 72*t - 192. List the prime factors of u(54).
2, 3, 5, 13
Suppose -4*b = o - 950, -5*o - 5*b + 3790 = -900. List the prime factors of o.
2, 467
Suppose 2*r - 880 - 476 = 0. Suppose -r = -2*n - 4*n. What are the prime factors of n?
113
Let g(t) = -t - 1. Let y be g(0). Suppose o - 4*m = -13, m + 4*m = 25. Let k = y + o. List the prime factors of k.
2, 3
Let p = 1690 + -1075. Suppose 0 = -5*b - 4*h + p + 16, -4*h + 16 = 0. What are the prime factors of b?
3, 41
Let d be (-258)/5 + (-3)/(-5). Let n = d - -85. List the prime factors of -1 + 1 + n + 0.
2, 17
Let r(x) = -x**3 - x**2 + 6*x - 16. Let j be r(4). Let i = j + 77. What are the prime factors of i?
5
Suppose 5*x - 835 = 220. List the prime factors of x.
211
Suppose -6*i + 3*i + 2*w = -203, 2*w - 223 = -3*i. What are the prime factors of i?
71
Suppose -13272 = -29*x + 8*x. What are the prime factors of x?
2, 79
Let p = 20 - 18. Let i(v) = v**p - 4*v**2 + 5*v**2 + 8 - 3*v**2 - 10*v. List the prime factors of i(-10).
2
Suppose 5244 = 25*w + 32*w. List the prime factors of w.
2, 23
Suppose 4974 = 4*d - 650. What are the prime factors of d?
2, 19, 37
Let y(a) = 3